 common factor of j and 50.
25
Let w be -1 + -12 + 4 + 4. Let r be (-2)/w + 156/10. Suppose p - 58 = -3*z, -94 - 44 = -2*p + 5*z. What is the greatest common divisor of p and r?
16
Let b(n) = -2*n**2 - 7*n + 17. Let s be b(-7). Let l = 2 - s. Calculate the highest common factor of l and 170.
34
Suppose 3*j + y - 234 = -4*y, -4*j + 312 = -y. Calculate the greatest common factor of j and 130.
26
Suppose 0 = -3*y - 2*v + 21, 2*y - 22*v = -18*v + 14. What is the highest common divisor of 175 and y?
7
Suppose 153 = 8*q - 1503. Let b = -198 + q. Suppose 0*i = -2*i + 90. What is the highest common factor of i and b?
9
Suppose -5*x - 106*t + 109*t + 812 = 0, -2*t = 3*x - 472. Calculate the greatest common factor of x and 8.
8
Let l(m) = m**2 + 9*m + 143. Let y be l(0). What is the highest common factor of 13 and y?
13
Suppose 241 = 18*b - 767. Suppose -2*k = 2*h - 4*k - 6, -5*k + 33 = h. Calculate the greatest common factor of h and b.
8
Let y be (-1 + 2/3)*-57. What is the highest common divisor of 38 and y?
19
Suppose -2418 = -14*k + 130. Calculate the greatest common factor of 104 and k.
26
Suppose -o - 21 = -3*q, 5*q + 82*o - 43 = 81*o. What is the greatest common divisor of q and 94?
2
Let o be 5074/129*6/4. Calculate the highest common divisor of 472 and o.
59
Let x = -880 + 952. What is the highest common divisor of x and 84?
12
Suppose -33*m + 52*m = 1197. What is the greatest common divisor of m and 288?
9
Suppose -3*r = -5*a - 20, -3 = r - 5*a - 23. Suppose -3*u + 1 + 26 = r. Let d = 47 - -34. What is the greatest common factor of u and d?
9
Let u be (-1302)/(-2)*1/3. Let i be (-2)/4*(-68 + 6). Calculate the highest common factor of u and i.
31
Suppose -l - 4*b + 0*b = -42, 2*b = 10. Suppose g = l - 7. Calculate the greatest common divisor of g and 15.
15
Let y(j) = -3*j + 21. Let g be y(-11). Let b be ((-14)/(-21))/(4/g). Calculate the highest common divisor of 72 and b.
9
Let w(r) = r**2 - 6*r - 43. Let q be w(13). Suppose 0 = 2*b - 6, -2*h + 4*b + 20 = -0*b. Calculate the greatest common divisor of q and h.
16
Let a = 12 - -53. Calculate the greatest common divisor of 26 and a.
13
Suppose -11*x - 315 = -20*x. Suppose 29*b = x*b - 36. Calculate the greatest common divisor of 14 and b.
2
Suppose -4*z + 2*a - 54 = 0, -33 = 2*z - 0*z - 3*a. Let p be 80/z*(-9)/6. What is the greatest common divisor of 10 and p?
10
Let j = 2949 - 2862. Calculate the greatest common divisor of 174 and j.
87
Suppose 5*o - 9620 = -21*o. What is the highest common factor of 20 and o?
10
Let w = 361 + -320. What is the highest common divisor of w and 369?
41
Suppose -146 = 9*c - 524. Calculate the greatest common factor of c and 14.
14
Let m be 9 - 4 - 3 - -4. Let l be (2/(-6))/(m - (-110)/(-18)). What is the greatest common divisor of l and 24?
3
Suppose 0 = 3*f - 2*f + 2*f. Suppose 3*g - 5 = -i - f*g, 4*i - g - 59 = 0. What is the greatest common factor of 112 and i?
14
Suppose -21*h = -23*h + 8. Calculate the highest common factor of h and 244.
4
Let f(q) = -q**2 + 7*q - 6. Let s be f(6). Suppose -2*u + 2*b + 16 = s, -u - b - 1 = -3. Let v = 72 + u. Calculate the highest common factor of v and 11.
11
Let p = -838 + 1156. Calculate the greatest common factor of 53 and p.
53
Let i(u) = 3*u + 12. Let k be i(6). Suppose k = m - 34. Suppose 9 = t + 2*f - 17, 20 = 4*f. Calculate the greatest common factor of t and m.
16
Let p = 56 - 41. Let q(b) = -b**3 + 2*b**2 + b + 3. Let i be q(-3). Calculate the highest common factor of i and p.
15
Let k be (-6)/(-9*7/84). Calculate the greatest common divisor of k and 256.
8
Let l(d) = -110*d + 305. Let z be l(-5). Calculate the highest common divisor of z and 45.
45
Let f = -100 + 106. What is the greatest common factor of 24 and f?
6
Suppose 5*q + 320 = 10*q. Let x = q + -56. Calculate the highest common divisor of 104 and x.
8
Let l be 36*(28/6 + -3). Calculate the greatest common factor of 300 and l.
60
Suppose -1 = 3*z - 3*n + 11, -2*n = 0. Let b = 12 - z. Suppose -19*x = -17*x - b. Calculate the greatest common divisor of 8 and x.
8
Suppose 5*x = 118 + 67. Let i = -2 + x. Calculate the highest common divisor of i and 7.
7
Let p = -677 - -715. Calculate the highest common divisor of 133 and p.
19
Let i(d) = d**3 + 7*d**2 - 2*d - 4. Let t be i(3). Calculate the highest common divisor of t and 240.
80
Let u(l) = -14*l. Let g = -23 - -18. Let a = 3 + g. Let n be u(a). Calculate the greatest common factor of n and 7.
7
Suppose -31 = -28*r + 25. Let d(j) = -j**3 + 3*j**2 + j. Let a be d(-5). Suppose -5*z + 0*l = 3*l - a, 10 = r*l. What is the greatest common factor of 54 and z?
18
Let w = -7 - -13. Suppose 5*v - 2*v + 6 = 0. Let h be 4/(24/(-9))*v. What is the highest common factor of w and h?
3
Let y(o) = 22*o - 77. Let n be y(5). Suppose 4*p - 361 - 695 = 0. What is the greatest common factor of n and p?
33
Suppose -25 = -9*y + 83. What is the greatest common divisor of y and 9?
3
Let y = -48 - -52. Let m be 84*(-5 - (-22)/y). What is the greatest common factor of m and 378?
42
Let w(f) = 2*f**2 - 2*f + 4. Let i = -17 - -19. Let t be w(i). What is the highest common factor of 64 and t?
8
Suppose -3*a + 2529 = 5*g, 5*a - 8*a + 2535 = 3*g. Calculate the highest common divisor of a and 53.
53
Let f = -302 - -1001. Suppose f = 4*u - 453. Suppose -5*a + u = -612. What is the greatest common factor of a and 18?
18
Let g = 154 - 102. Let y be (45/12)/(12/416). What is the highest common factor of y and g?
26
Let l(s) = -5*s + 41. Let r be l(6). Suppose -4*i - 5*o + 688 = -i, -2*o = -i + 233. Calculate the highest common divisor of r and i.
11
Suppose -q + 92 = -61. Suppose 2*n = -3*f + 204, -2*f = 3*f. What is the highest common factor of q and n?
51
Suppose -2*y - 3 = 4*c + 5, 27 = 2*y - 3*c. Suppose y*x - 3*x = 672. Suppose s = -p - 2*p + 47, 0 = 2*p - 10. What is the highest common factor of s and x?
32
Suppose 3*f - 65 = 160. What is the greatest common divisor of f and 15?
15
Let g(k) = 80*k**2 + k + 1. Let u be g(-1). Suppose -2*a + 24 = 2*o, 4*a + 22 = -7*o + 10*o. What is the greatest common factor of o and u?
10
Suppose -3*h + 0*h = -6. Suppose 24 = h*f + 6. Let c be (2/(-7))/(12/(-42)). What is the highest common factor of c and f?
1
Let d be 7*(2 + (-19)/(-7)). What is the greatest common divisor of 9 and d?
3
Let t(a) = -a**2 + a + 732. Let k be t(0). What is the highest common divisor of k and 24?
12
Suppose c - 55 = -4*r + 270, 3*r - 5*c = 215. Calculate the greatest common divisor of 10 and r.
10
Let t(y) = -13*y + 3. Let v be t(-3). Let o = 623 - 945. Let d be -2 + o/(-21)*(-3)/(-2). Calculate the greatest common divisor of v and d.
21
Let z = 625 - 403. Calculate the highest common factor of 6 and z.
6
Let d(p) = -p**3 - 3*p**2 + 2*p - 2. Let l be (-26)/39 + (-20)/6. Let i be d(l). Calculate the greatest common divisor of i and 48.
6
Let b = 713 - 284. Calculate the highest common factor of 117 and b.
39
Let g(c) = c**2 - 12*c + 32. Let p(t) = t**2 + 11*t + 5. Let h be p(-12). Let q be g(h). Calculate the highest common factor of 9 and q.
9
Let p(h) = -5*h + 100. Let m be p(-12). What is the highest common factor of m and 80?
80
Let y = -197 - -205. Let z(t) = -3 - 4*t + t + 3*t - t. Let q be z(-5). What is the highest common factor of y and q?
2
Let v be (-22)/(-5) - 4/10. Let b(h) = 8*h**2 - 7*h + 5. Let l be b(v). Calculate the greatest common factor of l and 21.
21
Let k(n) = n**2 + 13*n - 5. Let o be k(-14). Suppose -o*f + 1992 = -438. Calculate the greatest common divisor of 30 and f.
30
Suppose -5*s - 4 = -14. Let h be 0/2 + -36*(-16)/24. Suppose 5*o - h = d, 0*o - 4 = o + 2*d. Calculate the highest common divisor of s and o.
2
Let t be (-4 - (3 - 0))/1. Let r be t/21 + 255/9. Suppose 6*h - r = 2*h. Calculate the greatest common factor of 77 and h.
7
Let v(a) = 11*a - 3. Let h be v(-2). Let g = h + 43. Calculate the greatest common factor of g and 162.
18
Let k(d) = 4*d**2 + 2*d - 1. Let l be k(1). Let n be (-2 + 0 + 1)/(11/(-55)). What is the greatest common divisor of n and l?
5
Let w be (-1 - -1)*(-1)/2. Suppose t = k - 4*t + 15, w = 4*t. Let r be (-3)/5*k/3. What is the greatest common factor of r and 3?
3
Let x(k) = 0*k**3 + 0*k**3 + k**3 + 2*k - 2. Let u be x(4). Suppose 100 = 3*s + 4*w, -151 = -5*s 